tors of 506194?
2, 13, 19469
List the prime factors of 20659110.
2, 3, 5, 688637
List the prime factors of 223905.
3, 5, 11, 23, 59
List the prime factors of 124922.
2, 7, 8923
What are the prime factors of 340139?
47, 7237
What are the prime factors of 74630?
2, 5, 17, 439
What are the prime factors of 1567844?
2, 391961
List the prime factors of 20920663.
20920663
List the prime factors of 146402.
2, 71, 1031
What are the prime factors of 129648?
2, 3, 37, 73
List the prime factors of 4498466.
2, 7, 321319
List the prime factors of 1101647.
31, 35537
List the prime factors of 4260768.
2, 3, 44383
What are the prime factors of 249737?
249737
List the prime factors of 363865.
5, 61, 1193
What are the prime factors of 31650315?
3, 5, 2110021
What are the prime factors of 156059?
156059
List the prime factors of 102257.
293, 349
What are the prime factors of 2361815?
5, 71, 6653
List the prime factors of 366367.
17, 23, 937
What are the prime factors of 2546233?
2546233
What are the prime factors of 372339?
3, 11, 3761
What are the prime factors of 2548251?
3, 283139
What are the prime factors of 199446?
2, 3, 13, 2557
List the prime factors of 251315.
5, 50263
List the prime factors of 1253857.
11, 31, 3677
What are the prime factors of 21928075?
5, 13, 109, 619
List the prime factors of 625586.
2, 13, 24061
What are the prime factors of 1455429?
3, 71, 6833
What are the prime factors of 2802464?
2, 7, 12511
List the prime factors of 41393499.
3, 7, 1971119
What are the prime factors of 579968?
2, 23, 197
List the prime factors of 4557265.
5, 911453
List the prime factors of 97096.
2, 53, 229
List the prime factors of 13096791.
3, 1455199
What are the prime factors of 6811454?
2, 13, 53, 4943
What are the prime factors of 348543?
3, 13, 331
List the prime factors of 267736.
2, 7, 683
List the prime factors of 58782.
2, 3, 97, 101
List the prime factors of 334398.
2, 3, 55733
What are the prime factors of 273275?
5, 17, 643
List the prime factors of 1617563.
1617563
What are the prime factors of 24674?
2, 13, 73
What are the prime factors of 127248?
2, 3, 11, 241
What are the prime factors of 10765579?
11, 978689
What are the prime factors of 26210740?
2, 5, 1310537
List the prime factors of 2046128.
2, 7, 18269
List the prime factors of 4240188.
2, 3, 23, 569
List the prime factors of 50411.
50411
List the prime factors of 3481144.
2, 435143
List the prime factors of 1634146.
2, 817073
List the prime factors of 42694.
2, 21347
List the prime factors of 821818.
2, 53, 7753
What are the prime factors of 137593?
137593
List the prime factors of 3154846.
2, 227, 6949
List the prime factors of 241705.
5, 48341
List the prime factors of 8429130.
2, 3, 5, 31219
List the prime factors of 10186173.
3, 59, 19183
What are the prime factors of 2351903?
2351903
What are the prime factors of 4353600?
2, 3, 5, 907
What are the prime factors of 20924576?
2, 653893
List the prime factors of 3333644.
2, 607, 1373
List the prime factors of 292078.
2, 37, 3947
List the prime factors of 562863.
3, 7, 547
What are the prime factors of 1278705?
3, 5, 85247
What are the prime factors of 148450?
2, 5, 2969
List the prime factors of 16880.
2, 5, 211
List the prime factors of 1148498.
2, 13, 163, 271
What are the prime factors of 5246370?
2, 3, 5, 17, 127
What are the prime factors of 590812?
2, 147703
List the prime factors of 18362.
2, 9181
What are the prime factors of 20431270?
2, 5, 19, 191, 563
What are the prime factors of 109112?
2, 23, 593
List the prime factors of 10759530.
2, 3, 5, 53, 67, 101
List the prime factors of 10975149.
3, 17, 23911
What are the prime factors of 71968?
2, 13, 173
List the prime factors of 526358.
2, 7, 41, 131
What are the prime factors of 420614?
2, 17, 89, 139
What are the prime factors of 636213?
3, 31, 6841
What are the prime factors of 212979?
3, 13, 43, 127
List the prime factors of 6936972.
2, 3, 7, 269, 307
List the prime factors of 3583279.
7, 511897
What are the prime factors of 2679133?
19, 37, 103
List the prime factors of 87153.
3, 11, 19, 139
List the prime factors of 2393385.
3, 5, 379, 421
What are the prime factors of 10652654?
2, 19, 31, 9043
What are the prime factors of 918042?
2, 3, 19, 8053
What are the prime factors of 170063?
170063
What are the prime factors of 139530?
2, 3, 5, 4651
List the prime factors of 2224096.
2, 7, 9929
List the prime factors of 378202.
2, 11, 17191
List the prime factors of 98308.
2, 7, 3511
What are the prime factors of 9989721?
3, 7, 158567
List the prime factors of 1186910.
2, 5, 118691
What are the prime factors of 15037071?
3, 7, 102293
List the prime factors of 45676.
2, 19, 601
List the prime factors of 116702.
2, 23, 43, 59
List the prime factors of 11726748.
2, 3, 11, 9871
List the prime factors of 3982891.
11, 362081
What are the prime factors of 308388?
2, 3, 31, 829
List the prime factors of 10904.
2, 29, 47
What are the prime factors of 7449152?
2, 239, 487
What are the prime factors of 7452141?
3, 619, 4013
List the prime factors of 502345.
5, 100469
List the prime factors of 9115798.
2, 31, 147029
What are the prime factors of 13669419?
3, 31, 146983
List the prime factors of 272290.
2, 5, 73, 373
What are the prime factors of 2629466?
2, 7, 61, 3079
List the prime factors of 3513847.
53, 167, 397
What are the prime factors of 3830861?
61, 62801
What are the prime factors of 2434880?
2, 5, 7, 1087
List the prime factors of 2212076.
2, 71, 7789
What are the prime factors of 265644?
2, 3, 47, 157
What are the prime factors of 536457?
3, 178819
List the prime factors of 423457.
423457
What are the prime factors of 5965279?
5965279
What are the prime factors of 257514?
2, 3, 167, 257
List the prime factors of 83384.
2, 7, 1489
List the prime factors of 4951823.
4951823
List the prime factors of 340985.
5, 47, 1451
List the prime factors of 1993982.
2, 29, 31, 1109
List the prime factors of 153154.
2, 73, 1049
List the prime factors of 1351087.
1351087
What are the prime factors of 1130461?
37, 30553
What are the prime factors of 4365109?
7, 29, 21503
What are the prime factors of 549068?
2, 13, 10559
What are the prime factors of 155958?
2, 3, 11, 17, 139
What are the prime factors of 4595000?
2, 5, 919
What are the prime factors of 139084?
2, 11, 29, 109
List the prime factors of 1107819.
3, 123091
What are the prime factors of 107289?
3, 7, 13, 131
What are the prime factors of 3438374?
2, 1719187
List the prime factors of 1741970.
2, 5, 174197
List the prime factors of 1545928.
2, 173, 1117
What are the prime factors of 2433982?
2, 457, 2663
What are the prime factors of 23801?
23801
List the prime factors of 6192149.
53, 116833
List the prime factors of 528767.
31, 37, 461
List the prime factors of 375336.
2, 3, 13, 401
What are the prime factors of 682663?
23, 67, 443
What are the prime factors of 66281?
79, 839
What are the prime factors of 194373?
3, 23, 313
What are the prime factors of 3020134?
2, 13, 116159
List the prime factors of 928326.
2, 3, 7, 23, 31
List the prime factors of 3722637.
3, 107, 11597
What are the prime factors of 24952287?
3, 8317429
List the prime factors of 851548.
2, 359, 593
List the prime factors of 1590272.
2, 1553
List the prime factors of 261636.
2, 3, 21803
What are the prime factors of 743452?
2, 23, 8081
What are the prime factors of 3346481?
31, 107951
What are the prime factors of 86256?
2, 3, 599
List the prime factors of 112675.
5, 4507
What are the prime factors of 162176?
2, 7, 181
List the prime factors of 1766360.
2, 5, 44159
What are the prime factors of 363350?
2, 5, 13, 43
What are the prime factors of 171307?
107, 1601
List the prime factors of 1100368.
2, 97, 709
List the prime factors of 25319.
7, 3617
What are the prime factors of 23986?
2, 67, 179
List the prime factors of 5098597.
7, 104053
List the prime factors of 200999.
29, 239
What are the prime factors of 355127?
355127
List the prime factors of 2581729.
41, 62969
List the prime factors of 970365.
3, 5, 11, 5881
List the prime factors of 1079920.
2, 5, 13499
List the prime factors of 592253.
349, 1697
What are the prime factors of 537159?
3, 7, 25579
What are the prime factors of 3216546?
2, 3, 178697
What are the prime factors of 771772?
2, 61, 3163
List